{"id":28,"date":"2024-10-22T22:52:52","date_gmt":"2024-10-22T22:52:52","guid":{"rendered":"http:\/\/wrd93maruf.biz\/?page_id=28"},"modified":"2024-11-19T11:09:02","modified_gmt":"2024-11-19T11:09:02","slug":"front_page","status":"publish","type":"page","link":"https:\/\/wrd93maruf.biz\/","title":{"rendered":"About"},"content":{"rendered":"\n<h2 class=\"wp-block-heading has-text-align-center has-large-font-size\">Wrd93maruf.biz<\/h2>\n\n\n\n<p class=\"has-text-align-left has-small-font-size\"><a href=\"https:\/\/www.instagram.com\/hirokazu333?utm_source=ig_web_button_share_sheet&amp;igsh=ZDNlZDc0MzIxNw==\"><br><\/a><a href=\"https:\/\/www.instagram.com\/wrd93design\/#\">wrd93design x <em>creators<\/em><\/a><\/p>\n\n\n\n<h5 class=\"wp-block-heading has-luminous-vivid-amber-color has-text-color has-link-color has-small-font-size wp-elements-8998b2e7721fb42874471a46542671c3\">Creating new value through the fusion of art and technology<\/h5>\n\n\n\n<p class=\"has-small-font-size\">\u7d75\u672c\u3001\u9020\u5f62\u3001\u753b\u5bb6\u3001\u30a4\u30e9\u30b9\u30c8\u30ec\u30fc\u30bf\u3001\u6f2b\u753b\u3001\u6280\u8853\u8005\u306a\u3069\u3001\u3055\u307e\u3056\u307e\u306a\u77e5\u8b58\u3068\u4fa1\u5024\u89b3\u3092\u6301\u3063\u305f\u5c02\u9580\u5206\u91ce\u306e\u30e1\u30f3\u30d0\u30fc\u304c\u96c6\u307e\u308a\u4e00\u7dd2\u306b\u697d\u3057\u304f\u6d3b\u52d5\u3059\u308b\u3053\u3068\u3067\u65b0\u3057\u3044\u4fa1\u5024\u3092\u4f5c\u308a\u3060\u3059\u3053\u3068\u3092\u76ee\u7684\u3068\u3057\u3066\u30a4\u30d9\u30f3\u30c8\u3054\u3068\u306b\u96c6\u307e\u308a\u6d3b\u52d5\u3057\u3066\u3044\u307e\u3059\u3002<br>\u7b2c\uff16\uff10\u56de\u30c7\u30b6\u30a4\u30f3\u30d5\u30a7\u30b9\u30bf\u3067\u306f\u300c\u662d\u548c\u30ec\u30c8\u30ed\u300d\u300c\u30ec\u30c8\u30ed\u30dd\u30c3\u30d7\u300d\u3092\u30c6\u30fc\u30de\u306b\u500b\u6027\u7684\u306a\u30af\u30ea\u30a8\u30fc\u30bf\u30fc\u9054\u3068\u30b3\u30e9\u30dc\u51fa\u5c55\u3057\u307e\u3057\u305f\u3002<\/p>\n\n\n\n<figure class=\"wp-block-gallery has-nested-images columns-default is-cropped wp-block-gallery-1 is-layout-flex wp-block-gallery-is-layout-flex\">\n<figure class=\"wp-block-image size-full\"><img decoding=\"async\" data-id=\"239\" src=\"http:\/\/wrd93maruf.biz\/wp-content\/uploads\/2024\/11\/tempImageroFrC3.heic\" alt=\"\" class=\"wp-image-239\"\/><\/figure>\n<\/figure>\n\n\n\n<p class=\"has-vivid-green-cyan-color has-text-color has-link-color has-small-font-size wp-elements-85941c983016ab90a84a1fdab8c874e6\">The purpose of our activities is to create new value by bringing together members from various fields of expertise, such as picture books, modeling, painters, illustrators, manga, and engineers, who each bring different knowledge and perspectives. We gather for each event to enjoy working together.<br>At the 60th Design Festa, we will collaborate with unique creators under the theme of &#8220;Showa Retro&#8221; and &#8220;Retro Pop.&#8221;<\/p>\n\n\n\n<p class=\"has-vivid-green-cyan-color has-text-color has-link-color has-small-font-size wp-elements-9b2d9ef08c2251379065481513440f48\">Le but de nos activit\u00e9s est de cr\u00e9er de nouvelles valeurs en r\u00e9unissant des membres de divers domaines d&#8217;expertise, tels que les livres illustr\u00e9s, la mod\u00e9lisation, les peintres, les illustrateurs, les mangakas et les ing\u00e9nieurs, qui apportent chacun des connaissances et des perspectives diff\u00e9rentes. Nous nous r\u00e9unissons \u00e0 chaque \u00e9v\u00e9nement pour le plaisir de travailler ensemble.<br>Lors de la 60e Design Festa, nous collaborerons avec des cr\u00e9ateurs uniques sous le th\u00e8me du &#8220;R\u00e9tro Sh\u014dwa&#8221; et du &#8220;R\u00e9tro Pop&#8221;.<\/p>\n\n\n\n<p class=\"has-vivid-green-cyan-color has-text-color has-link-color has-small-font-size wp-elements-706393f6ebea7660e616cf518703b80a\">Lo scopo delle nostre attivit\u00e0 \u00e8 creare nuovi valori riunendo membri provenienti da diversi settori di competenza, come libri illustrati, modellazione, pittori, illustratori, manga e ingegneri, ognuno con conoscenze e prospettive diverse. Ci riuniamo per ogni evento per divertirci lavorando insieme.<br>Alla 60\u00aa Design Festa, collaboreremo con creatori unici sotto il tema &#8220;Sh\u014dwa Retro&#8221; e &#8220;Retro Pop&#8221;.<\/p>\n\n\n\n<p class=\"has-vivid-green-cyan-color has-text-color has-link-color has-small-font-size wp-elements-6dfcc9be48445e4adb672525aafa5a5a\">\uc6b0\ub9ac \ud65c\ub3d9\uc758 \ubaa9\uc801\uc740 \uadf8\ub9bc\ucc45, \ubaa8\ub378\ub9c1, \ud654\uac00, \uc77c\ub7ec\uc2a4\ud2b8\ub808\uc774\ud130, \ub9cc\ud654\uac00, \uc5d4\uc9c0\ub2c8\uc5b4 \ub4f1 \ub2e4\uc591\ud55c \ubd84\uc57c\uc758 \uc804\ubb38\uc131\uc744 \uac00\uc9c4 \uba64\ubc84\ub4e4\uc744 \ubaa8\uc544 \uac01\uc790\uc758 \uc9c0\uc2dd\uacfc \uad00\uc810\uc744 \uacb0\ud569\ud574 \uc0c8\ub85c\uc6b4 \uac00\uce58\ub97c \ucc3d\ucd9c\ud558\ub294 \uac83\uc785\ub2c8\ub2e4. \uc6b0\ub9ac\ub294 \uac01 \uc774\ubca4\ud2b8\ub97c \uc704\ud574 \ubaa8\uc5ec \ud568\uaed8 \uc77c\ud558\ub294 \uc990\uac70\uc6c0\uc744 \ub098\ub215\ub2c8\ub2e4.<br>\uc81c60\ud68c \ub514\uc790\uc778 \ud398\uc2a4\ud0c0\uc5d0\uc11c\ub294 &#8220;\uc1fc\uc640 \ub808\ud2b8\ub85c&#8221;\uc640 &#8220;\ub808\ud2b8\ub85c \ud31d&#8221;\uc744 \uc8fc\uc81c\ub85c \ub3c5\ud2b9\ud55c \ud06c\ub9ac\uc5d0\uc774\ud130\ub4e4\uacfc \ud611\ub825\ud560 \uc608\uc815\uc785\ub2c8\ub2e4.<\/p>\n\n\n\n<p class=\"has-vivid-green-cyan-color has-text-color has-link-color has-small-font-size wp-elements-9c52c02971de78a89ca42d6991e2f424\">\u6211\u4eec\u7684\u6d3b\u52a8\u5b97\u65e8\u662f\u901a\u8fc7\u96c6\u5408\u6765\u81ea\u7ed8\u672c\u3001\u5efa\u6a21\u3001\u753b\u5bb6\u3001\u63d2\u753b\u5e08\u3001\u6f2b\u753b\u5bb6\u548c\u5de5\u7a0b\u5e08\u7b49\u5404\u4e2a\u9886\u57df\u7684\u4e13\u4e1a\u6210\u5458\uff0c\u6574\u5408\u4e0d\u540c\u7684\u77e5\u8bc6\u548c\u89c6\u89d2\uff0c\u5171\u540c\u521b\u9020\u65b0\u7684\u4ef7\u503c\u3002\u6211\u4eec\u4e3a\u6bcf\u4e2a\u6d3b\u52a8\u805a\u5728\u4e00\u8d77<\/p>\n\n\n\n<p class=\"has-vivid-green-cyan-color has-text-color has-link-color has-small-font-size wp-elements-8d13c2e6687efe0130d26e864d75b989\">\u0e27\u0e31\u0e15\u0e16\u0e38\u0e1b\u0e23\u0e30\u0e2a\u0e07\u0e04\u0e4c\u0e02\u0e2d\u0e07\u0e01\u0e34\u0e08\u0e01\u0e23\u0e23\u0e21\u0e02\u0e2d\u0e07\u0e40\u0e23\u0e32\u0e04\u0e37\u0e2d\u0e01\u0e32\u0e23\u0e2a\u0e23\u0e49\u0e32\u0e07\u0e04\u0e38\u0e13\u0e04\u0e48\u0e32\u0e43\u0e2b\u0e21\u0e48\u0e42\u0e14\u0e22\u0e01\u0e32\u0e23\u0e23\u0e27\u0e21\u0e2a\u0e21\u0e32\u0e0a\u0e34\u0e01\u0e08\u0e32\u0e01\u0e2b\u0e25\u0e32\u0e01\u0e2b\u0e25\u0e32\u0e22\u0e2a\u0e32\u0e02\u0e32\u0e04\u0e27\u0e32\u0e21\u0e40\u0e0a\u0e35\u0e48\u0e22\u0e27\u0e0a\u0e32\u0e0d \u0e40\u0e0a\u0e48\u0e19 \u0e2b\u0e19\u0e31\u0e07\u0e2a\u0e37\u0e2d\u0e20\u0e32\u0e1e \u0e01\u0e32\u0e23\u0e2a\u0e23\u0e49\u0e32\u0e07\u0e42\u0e21\u0e40\u0e14\u0e25 \u0e08\u0e34\u0e15\u0e23\u0e01\u0e23 \u0e19\u0e31\u0e01\u0e27\u0e32\u0e14\u0e20\u0e32\u0e1e\u0e1b\u0e23\u0e30\u0e01\u0e2d\u0e1a \u0e19\u0e31\u0e01\u0e27\u0e32\u0e14\u0e01\u0e32\u0e23\u0e4c\u0e15\u0e39\u0e19 \u0e41\u0e25\u0e30\u0e27\u0e34\u0e28\u0e27\u0e01\u0e23 \u0e0b\u0e36\u0e48\u0e07\u0e41\u0e15\u0e48\u0e25\u0e30\u0e04\u0e19\u0e21\u0e35\u0e04\u0e27\u0e32\u0e21\u0e23\u0e39\u0e49\u0e41\u0e25\u0e30\u0e21\u0e38\u0e21\u0e21\u0e2d\u0e07\u0e17\u0e35\u0e48\u0e41\u0e15\u0e01\u0e15\u0e48\u0e32\u0e07\u0e01\u0e31\u0e19 \u0e40\u0e23\u0e32\u0e21\u0e32\u0e23\u0e27\u0e21\u0e15\u0e31\u0e27\u0e01\u0e31\u0e19\u0e43\u0e19\u0e41\u0e15\u0e48\u0e25\u0e30\u0e01\u0e34\u0e08\u0e01\u0e23\u0e23\u0e21\u0e40\u0e1e\u0e37\u0e48\u0e2d\u0e2a\u0e19\u0e38\u0e01\u0e01\u0e31\u0e1a\u0e01\u0e32\u0e23\u0e17\u0e33\u0e07\u0e32\u0e19\u0e23\u0e48\u0e27\u0e21\u0e01\u0e31\u0e19<br>\u0e43\u0e19\u0e07\u0e32\u0e19 Design Festa \u0e04\u0e23\u0e31\u0e49\u0e07\u0e17\u0e35\u0e48 60 \u0e40\u0e23\u0e32\u0e08\u0e30\u0e23\u0e48\u0e27\u0e21\u0e21\u0e37\u0e2d\u0e01\u0e31\u0e1a\u0e1c\u0e39\u0e49\u0e2a\u0e23\u0e49\u0e32\u0e07\u0e2a\u0e23\u0e23\u0e04\u0e4c\u0e17\u0e35\u0e48\u0e21\u0e35\u0e40\u0e2d\u0e01\u0e25\u0e31\u0e01\u0e29\u0e13\u0e4c\u0e40\u0e09\u0e1e\u0e32\u0e30\u0e15\u0e31\u0e27\u0e20\u0e32\u0e22\u0e43\u0e15\u0e49\u0e18\u0e35\u0e21 &#8220;\u0e42\u0e0a\u0e27\u0e30\u0e40\u0e23\u0e42\u0e17\u0e23&#8221; \u0e41\u0e25\u0e30 &#8220;\u0e40\u0e23\u0e42\u0e17\u0e23\u0e1b\u0e4a\u0e2d\u0e1b&#8221;<\/p>\n\n\n\n<ul class=\"wp-block-social-links has-large-icon-size is-layout-flex wp-block-social-links-is-layout-flex\"><li class=\"wp-social-link wp-social-link-mail  wp-block-social-link\"><a href=\"mailto:&#119;rd9&#051;de&#115;&#105;&#103;n&#064;gma&#105;&#108;.&#099;&#111;m\" class=\"wp-block-social-link-anchor\"><svg width=\"24\" height=\"24\" viewBox=\"0 0 24 24\" version=\"1.1\" xmlns=\"http:\/\/www.w3.org\/2000\/svg\" aria-hidden=\"true\" focusable=\"false\"><path d=\"M19,5H5c-1.1,0-2,.9-2,2v10c0,1.1.9,2,2,2h14c1.1,0,2-.9,2-2V7c0-1.1-.9-2-2-2zm.5,12c0,.3-.2.5-.5.5H5c-.3,0-.5-.2-.5-.5V9.8l7.5,5.6,7.5-5.6V17zm0-9.1L12,13.6,4.5,7.9V7c0-.3.2-.5.5-.5h14c.3,0,.5.2.5.5v.9z\"><\/path><\/svg><span class=\"wp-block-social-link-label screen-reader-text\">Mail<\/span><\/a><\/li>\n\n<li class=\"wp-social-link wp-social-link-instagram  wp-block-social-link\"><a href=\"https:\/\/www.instagram.com\/wrd93design\/#\" class=\"wp-block-social-link-anchor\"><svg width=\"24\" height=\"24\" viewBox=\"0 0 24 24\" version=\"1.1\" xmlns=\"http:\/\/www.w3.org\/2000\/svg\" aria-hidden=\"true\" focusable=\"false\"><path d=\"M12,4.622c2.403,0,2.688,0.009,3.637,0.052c0.877,0.04,1.354,0.187,1.671,0.31c0.42,0.163,0.72,0.358,1.035,0.673 c0.315,0.315,0.51,0.615,0.673,1.035c0.123,0.317,0.27,0.794,0.31,1.671c0.043,0.949,0.052,1.234,0.052,3.637 s-0.009,2.688-0.052,3.637c-0.04,0.877-0.187,1.354-0.31,1.671c-0.163,0.42-0.358,0.72-0.673,1.035 c-0.315,0.315-0.615,0.51-1.035,0.673c-0.317,0.123-0.794,0.27-1.671,0.31c-0.949,0.043-1.233,0.052-3.637,0.052 s-2.688-0.009-3.637-0.052c-0.877-0.04-1.354-0.187-1.671-0.31c-0.42-0.163-0.72-0.358-1.035-0.673 c-0.315-0.315-0.51-0.615-0.673-1.035c-0.123-0.317-0.27-0.794-0.31-1.671C4.631,14.688,4.622,14.403,4.622,12 s0.009-2.688,0.052-3.637c0.04-0.877,0.187-1.354,0.31-1.671c0.163-0.42,0.358-0.72,0.673-1.035 c0.315-0.315,0.615-0.51,1.035-0.673c0.317-0.123,0.794-0.27,1.671-0.31C9.312,4.631,9.597,4.622,12,4.622 M12,3 C9.556,3,9.249,3.01,8.289,3.054C7.331,3.098,6.677,3.25,6.105,3.472C5.513,3.702,5.011,4.01,4.511,4.511 c-0.5,0.5-0.808,1.002-1.038,1.594C3.25,6.677,3.098,7.331,3.054,8.289C3.01,9.249,3,9.556,3,12c0,2.444,0.01,2.751,0.054,3.711 c0.044,0.958,0.196,1.612,0.418,2.185c0.23,0.592,0.538,1.094,1.038,1.594c0.5,0.5,1.002,0.808,1.594,1.038 c0.572,0.222,1.227,0.375,2.185,0.418C9.249,20.99,9.556,21,12,21s2.751-0.01,3.711-0.054c0.958-0.044,1.612-0.196,2.185-0.418 c0.592-0.23,1.094-0.538,1.594-1.038c0.5-0.5,0.808-1.002,1.038-1.594c0.222-0.572,0.375-1.227,0.418-2.185 C20.99,14.751,21,14.444,21,12s-0.01-2.751-0.054-3.711c-0.044-0.958-0.196-1.612-0.418-2.185c-0.23-0.592-0.538-1.094-1.038-1.594 c-0.5-0.5-1.002-0.808-1.594-1.038c-0.572-0.222-1.227-0.375-2.185-0.418C14.751,3.01,14.444,3,12,3L12,3z M12,7.378 c-2.552,0-4.622,2.069-4.622,4.622S9.448,16.622,12,16.622s4.622-2.069,4.622-4.622S14.552,7.378,12,7.378z M12,15 c-1.657,0-3-1.343-3-3s1.343-3,3-3s3,1.343,3,3S13.657,15,12,15z M16.804,6.116c-0.596,0-1.08,0.484-1.08,1.08 s0.484,1.08,1.08,1.08c0.596,0,1.08-0.484,1.08-1.08S17.401,6.116,16.804,6.116z\"><\/path><\/svg><span class=\"wp-block-social-link-label screen-reader-text\">Instagram<\/span><\/a><\/li><\/ul>\n\n\n\n<figure class=\"wp-block-image alignright size-full is-resized\"><img loading=\"lazy\" decoding=\"async\" width=\"246\" height=\"109\" src=\"http:\/\/wrd93maruf.biz\/wp-content\/uploads\/2024\/10\/T-WRD93small.png\" alt=\"\" class=\"wp-image-65\" style=\"width:129px;height:auto\"\/><\/figure>\n\n\n\n<figure class=\"wp-block-image size-large is-resized\"><img loading=\"lazy\" decoding=\"async\" width=\"1024\" height=\"501\" src=\"http:\/\/wrd93maruf.biz\/wp-content\/uploads\/2024\/11\/wrd93-1024x501.png\" alt=\"\" class=\"wp-image-144\" style=\"width:165px;height:auto\" srcset=\"https:\/\/wrd93maruf.biz\/wp-content\/uploads\/2024\/11\/wrd93-1024x501.png 1024w, https:\/\/wrd93maruf.biz\/wp-content\/uploads\/2024\/11\/wrd93-300x147.png 300w, https:\/\/wrd93maruf.biz\/wp-content\/uploads\/2024\/11\/wrd93-768x376.png 768w, https:\/\/wrd93maruf.biz\/wp-content\/uploads\/2024\/11\/wrd93.png 1116w\" sizes=\"auto, (max-width: 1024px) 100vw, 1024px\" \/><\/figure>\n\n\n\n<figure class=\"wp-block-image size-full is-resized\"><img loading=\"lazy\" decoding=\"async\" width=\"413\" height=\"130\" src=\"http:\/\/wrd93maruf.biz\/wp-content\/uploads\/2024\/11\/wanfes-logobanner35trans.png\" alt=\"\" class=\"wp-image-146\" style=\"width:280px;height:auto\" srcset=\"https:\/\/wrd93maruf.biz\/wp-content\/uploads\/2024\/11\/wanfes-logobanner35trans.png 413w, https:\/\/wrd93maruf.biz\/wp-content\/uploads\/2024\/11\/wanfes-logobanner35trans-300x94.png 300w\" sizes=\"auto, (max-width: 413px) 100vw, 413px\" \/><\/figure>\n\n\n\n<figure class=\"wp-block-image size-full is-resized\"><img loading=\"lazy\" decoding=\"async\" width=\"130\" height=\"44\" src=\"http:\/\/wrd93maruf.biz\/wp-content\/uploads\/2024\/11\/hando-logo-1-e1731793248274.png\" alt=\"\" class=\"wp-image-159\" style=\"width:165px;height:auto\"\/><\/figure>\n\n\n\n<p><\/p>\n","protected":false},"excerpt":{"rendered":"<p>Wrd93maruf.biz wrd93design x creators Creating new value through the fusion of art and technology \u7d75\u672c\u3001\u9020\u5f62\u3001\u753b\u5bb6\u3001\u30a4\u30e9\u30b9 [&hellip;]<\/p>\n","protected":false},"author":1,"featured_media":0,"parent":0,"menu_order":0,"comment_status":"closed","ping_status":"closed","template":"","meta":{"footnotes":""},"class_list":["post-28","page","type-page","status-publish","hentry"],"_links":{"self":[{"href":"https:\/\/wrd93maruf.biz\/index.php?rest_route=\/wp\/v2\/pages\/28","targetHints":{"allow":["GET"]}}],"collection":[{"href":"https:\/\/wrd93maruf.biz\/index.php?rest_route=\/wp\/v2\/pages"}],"about":[{"href":"https:\/\/wrd93maruf.biz\/index.php?rest_route=\/wp\/v2\/types\/page"}],"author":[{"embeddable":true,"href":"https:\/\/wrd93maruf.biz\/index.php?rest_route=\/wp\/v2\/users\/1"}],"replies":[{"embeddable":true,"href":"https:\/\/wrd93maruf.biz\/index.php?rest_route=%2Fwp%2Fv2%2Fcomments&post=28"}],"version-history":[{"count":19,"href":"https:\/\/wrd93maruf.biz\/index.php?rest_route=\/wp\/v2\/pages\/28\/revisions"}],"predecessor-version":[{"id":242,"href":"https:\/\/wrd93maruf.biz\/index.php?rest_route=\/wp\/v2\/pages\/28\/revisions\/242"}],"wp:attachment":[{"href":"https:\/\/wrd93maruf.biz\/index.php?rest_route=%2Fwp%2Fv2%2Fmedia&parent=28"}],"curies":[{"name":"wp","href":"https:\/\/api.w.org\/{rel}","templated":true}]}}